74071
List the prime factors of 1334672.
2, 83417
What are the prime factors of 4290217?
4290217
What are the prime factors of 243581?
13, 41, 457
What are the prime factors of 535040?
2, 5, 11, 19
List the prime factors of 362933.
17, 37, 577
What are the prime factors of 3797108?
2, 7, 19373
List the prime factors of 575492.
2, 143873
What are the prime factors of 123282?
2, 3, 761
List the prime factors of 272054.
2, 136027
List the prime factors of 1123040.
2, 5, 7019
What are the prime factors of 5361854?
2, 47, 57041
What are the prime factors of 789421?
859, 919
What are the prime factors of 7628581?
7628581
What are the prime factors of 564913?
31, 18223
What are the prime factors of 4130849?
4130849
What are the prime factors of 16334672?
2, 79, 12923
What are the prime factors of 858190?
2, 5, 85819
What are the prime factors of 15690747?
3, 137, 38177
What are the prime factors of 6532441?
6532441
List the prime factors of 26750345.
5, 1097, 4877
List the prime factors of 15881411.
7, 13, 61, 2861
List the prime factors of 2229403.
11, 19, 10667
What are the prime factors of 5888383?
5888383
What are the prime factors of 3167906?
2, 7, 41, 5519
What are the prime factors of 1166448?
2, 3, 19, 1279
What are the prime factors of 29245942?
2, 11, 120851
What are the prime factors of 712656?
2, 3, 7, 101
What are the prime factors of 750576?
2, 3, 19, 823
What are the prime factors of 291817?
291817
What are the prime factors of 3690160?
2, 5, 193, 239
List the prime factors of 553110.
2, 3, 5, 103, 179
What are the prime factors of 5838022?
2, 2919011
List the prime factors of 1208910.
2, 3, 5, 59, 683
What are the prime factors of 3850746?
2, 3, 641791
List the prime factors of 4179800.
2, 5, 20899
What are the prime factors of 1852369?
211, 8779
What are the prime factors of 319084?
2, 241, 331
List the prime factors of 400141.
7, 57163
What are the prime factors of 438967?
438967
What are the prime factors of 150096?
2, 3, 53, 59
What are the prime factors of 278986?
2, 139493
What are the prime factors of 1453034?
2, 11, 66047
List the prime factors of 11702597.
11702597
What are the prime factors of 2730184?
2, 341273
List the prime factors of 3404979.
3, 79, 4789
What are the prime factors of 5360378?
2, 227, 11807
List the prime factors of 697692.
2, 3, 53, 1097
List the prime factors of 222258.
2, 3, 17, 2179
List the prime factors of 3291942.
2, 3, 548657
What are the prime factors of 50879?
83, 613
What are the prime factors of 1515144?
2, 3, 63131
What are the prime factors of 19277107?
53, 363719
What are the prime factors of 219123?
3, 97, 251
List the prime factors of 13177722.
2, 3, 2196287
What are the prime factors of 4077812?
2, 1019453
List the prime factors of 994554.
2, 3, 11, 5023
List the prime factors of 80421.
3, 11, 2437
List the prime factors of 6006577.
1009, 5953
List the prime factors of 40544063.
7, 31, 257, 727
What are the prime factors of 5988112?
2, 13, 28789
What are the prime factors of 577126?
2, 11, 37, 709
List the prime factors of 5270429.
19, 241, 1151
List the prime factors of 641395.
5, 37, 3467
List the prime factors of 913759.
7, 11, 11867
List the prime factors of 18947069.
18947069
What are the prime factors of 19102426?
2, 7, 89, 15331
List the prime factors of 166006.
2, 83003
What are the prime factors of 6961674?
2, 3, 1160279
List the prime factors of 388452.
2, 3, 32371
List the prime factors of 346535.
5, 7, 9901
What are the prime factors of 9658213?
19, 508327
What are the prime factors of 529029?
3, 43, 1367
What are the prime factors of 287357?
7, 41051
List the prime factors of 377741.
7, 13, 593
List the prime factors of 1289982.
2, 3, 163, 1319
What are the prime factors of 94557?
3, 43, 733
What are the prime factors of 142035?
3, 5, 17, 557
What are the prime factors of 305328?
2, 3, 6361
List the prime factors of 3493240.
2, 5, 23, 3797
List the prime factors of 13265889.
3, 7, 13, 48593
List the prime factors of 1758077.
1061, 1657
List the prime factors of 2838303.
3, 13, 17, 1427
List the prime factors of 349439.
23, 15193
What are the prime factors of 200796?
2, 3, 29, 577
What are the prime factors of 1816060?
2, 5, 90803
List the prime factors of 1339126.
2, 139, 4817
What are the prime factors of 210453?
3, 29, 41, 59
What are the prime factors of 4928856?
2, 3, 41, 5009
List the prime factors of 331744.
2, 7, 1481
List the prime factors of 223998.
2, 3, 37, 1009
What are the prime factors of 493850?
2, 5, 7, 17, 83
List the prime factors of 12614328.
2, 3, 19, 9221
What are the prime factors of 3079684?
2, 29, 139, 191
What are the prime factors of 14645?
5, 29, 101
What are the prime factors of 284904?
2, 3, 1319
List the prime factors of 2917531.
157, 18583
What are the prime factors of 2400063?
3, 89, 101
What are the prime factors of 183116?
2, 45779
List the prime factors of 8051568.
2, 3, 7, 31, 773
What are the prime factors of 19205765?
5, 3841153
List the prime factors of 18093037.
37, 489001
What are the prime factors of 2840607?
3, 7, 11, 4099
What are the prime factors of 1077537?
3, 43, 8353
What are the prime factors of 1058934?
2, 3, 176489
What are the prime factors of 17462238?
2, 3, 31, 223, 421
List the prime factors of 174277.
61, 2857
What are the prime factors of 131347?
19, 31, 223
List the prime factors of 13547.
19, 23, 31
List the prime factors of 418227.
3, 139409
List the prime factors of 2137766.
2, 19, 101, 557
List the prime factors of 2484955.
5, 11, 45181
What are the prime factors of 375091?
375091
List the prime factors of 2237540.
2, 5, 17, 6581
What are the prime factors of 3344614?
2, 7, 13, 17, 23, 47
What are the prime factors of 30339776?
2, 474059
What are the prime factors of 139444?
2, 71, 491
List the prime factors of 4087586.
2, 2043793
What are the prime factors of 1134508?
2, 181, 1567
What are the prime factors of 171527?
43, 3989
What are the prime factors of 6121?
6121
What are the prime factors of 341648?
2, 131, 163
List the prime factors of 2040970.
2, 5, 83, 2459
What are the prime factors of 16982539?
7, 2426077
List the prime factors of 32926557.
3, 31, 487, 727
List the prime factors of 736600.
2, 5, 29, 127
List the prime factors of 27602409.
3, 9200803
What are the prime factors of 40445?
5, 8089
What are the prime factors of 17270833?
17270833
List the prime factors of 174818.
2, 7, 12487
What are the prime factors of 426020?
2, 5, 7, 17, 179
List the prime factors of 1636241.
797, 2053
List the prime factors of 3872253.
3, 7, 11, 16763
List the prime factors of 357438.
2, 3, 41, 1453
List the prime factors of 2293716.
2, 3, 191143
List the prime factors of 317099.
31, 53, 193
List the prime factors of 118428.
2, 3, 71, 139
What are the prime factors of 698331?
3, 232777
List the prime factors of 179731.
191, 941
What are the prime factors of 5448876?
2, 3, 167, 2719
What are the prime factors of 455290?
2, 5, 11, 4139
List the prime factors of 3091395.
3, 5, 19, 10847
List the prime factors of 2185529.
23, 167, 569
What are the prime factors of 11243217?
3, 59, 63521
List the prime factors of 1077619.
23, 46853
What are the prime factors of 4841651?
17, 284803
List the prime factors of 15435988.
2, 3858997
What are the prime factors of 7483428?
2, 3, 7699
List the prime factors of 4265644.
2, 1066411
List the prime factors of 9392145.
3, 5, 7, 89449
What are the prime factors of 17450554?
2, 11, 793207
What are the prime factors of 15152105?
5, 1117, 2713
List the prime factors of 427789.
427789
What are the prime factors of 943819?
943819
List the prime factors of 431129.
19, 22691
What are the prime factors of 152696?
2, 19087
List the prime factors of 90874.
2, 7, 6491
What are the prime factors of 4826888?
2, 11, 54851
List the prime factors of 464448.
2, 3, 41, 59
List the prime factors of 10128960.
2, 3, 5, 3517
List the prime factors of 5947972.
2, 37, 40189
What are the prime factors of 7852304?
2, 490769
What are the prime factors of 510343?
73, 6991
List the prime factors of 137153.
137153
List the prime factors of 9317820.
2, 3, 5, 97, 1601
What are the prime factors of 174646?
2, 87323
List the prime factors of 17353187.
647, 26821
What are the prime factors of 335287?
233, 1439
What ar